vided by 1026532.
20
Calculate the remainder when 2906581 is divided by 14.
13
What is the remainder when 9051 is divided by 5476?
3575
What is the remainder when 154457 is divided by 22061?
30
What is the remainder when 900395 is divided by 1605?
1595
What is the remainder when 394341 is divided by 74?
69
Calculate the remainder when 5227162 is divided by 30748.
2
What is the remainder when 8716 is divided by 8410?
306
What is the remainder when 25277735 is divided by 11?
10
What is the remainder when 146019 is divided by 1352?
3
Calculate the remainder when 22255762 is divided by 227097.
256
Calculate the remainder when 348667 is divided by 984.
331
Calculate the remainder when 54249282 is divided by 1094.
10
Calculate the remainder when 403228 is divided by 525.
28
What is the remainder when 297834 is divided by 676?
394
What is the remainder when 628040190 is divided by 601?
599
Calculate the remainder when 9500337 is divided by 1910.
1907
What is the remainder when 454378 is divided by 5290?
4728
Calculate the remainder when 653788 is divided by 731.
274
Calculate the remainder when 38699952 is divided by 9674987.
4
Calculate the remainder when 304814 is divided by 521.
29
What is the remainder when 1011861 is divided by 2279?
2264
Calculate the remainder when 1895396 is divided by 43.
42
What is the remainder when 11720 is divided by 1668?
44
What is the remainder when 2220176 is divided by 784?
672
Calculate the remainder when 32371862 is divided by 1187.
1185
Calculate the remainder when 6011 is divided by 338.
265
What is the remainder when 23661099 is divided by 32?
11
Calculate the remainder when 2019077 is divided by 256.
5
Calculate the remainder when 68766 is divided by 282.
240
Calculate the remainder when 949868 is divided by 1675.
143
Calculate the remainder when 1866476 is divided by 233307.
20
Calculate the remainder when 179209 is divided by 16.
9
What is the remainder when 27290220 is divided by 1087?
1085
Calculate the remainder when 53621 is divided by 26387.
847
Calculate the remainder when 39293 is divided by 368.
285
What is the remainder when 8939060 is divided by 11?
9
Calculate the remainder when 15201211 is divided by 462.
25
What is the remainder when 69966 is divided by 220?
6
Calculate the remainder when 634881 is divided by 668.
281
What is the remainder when 331570 is divided by 110520?
10
What is the remainder when 9139407 is divided by 106272?
15
What is the remainder when 9897432 is divided by 97?
37
Calculate the remainder when 33951721 is divided by 43.
39
Calculate the remainder when 1530476 is divided by 936.
116
Calculate the remainder when 26993 is divided by 26900.
93
What is the remainder when 10390112 is divided by 437?
0
Calculate the remainder when 138984949 is divided by 962.
961
Calculate the remainder when 57709999 is divided by 1450.
1449
What is the remainder when 1364513 is divided by 100?
13
Calculate the remainder when 245371 is divided by 10557.
2560
What is the remainder when 17401981 is divided by 338?
51
Calculate the remainder when 9028804 is divided by 634.
10
What is the remainder when 8197723 is divided by 188?
171
Calculate the remainder when 529256 is divided by 5246.
4656
Calculate the remainder when 4426706 is divided by 78.
50
Calculate the remainder when 9223994 is divided by 11617.
96
What is the remainder when 15857198 is divided by 580?
578
Calculate the remainder when 781862 is divided by 1257.
8
What is the remainder when 2934148 is divided by 586829?
3
What is the remainder when 26779594 is divided by 102?
4
Calculate the remainder when 34295686 is divided by 528.
502
Calculate the remainder when 3535787 is divided by 986.
977
What is the remainder when 3145940 is divided by 1572693?
554
Calculate the remainder when 6449568 is divided by 3011.
6
Calculate the remainder when 2489776 is divided by 250.
26
Calculate the remainder when 9526534 is divided by 23.
3
What is the remainder when 928899365 is divided by 3746?
3745
What is the remainder when 3745830 is divided by 936452?
22
Calculate the remainder when 3384040 is divided by 483419.
107
Calculate the remainder when 98821 is divided by 2193.
136
Calculate the remainder when 2818573 is divided by 563706.
43
Calculate the remainder when 16515333 is divided by 1410.
3
What is the remainder when 13182986 is divided by 2636594?
16
Calculate the remainder when 13433794 is divided by 6716892.
10
Calculate the remainder when 1886480 is divided by 615.
275
Calculate the remainder when 1757425769 is divided by 90.
89
What is the remainder when 70987 is divided by 50?
37
Calculate the remainder when 84067674 is divided by 20.
14
What is the remainder when 51535 is divided by 51363?
172
What is the remainder when 78871313 is divided by 264?
257
Calculate the remainder when 624401 is divided by 675.
26
Calculate the remainder when 40403 is divided by 3633.
440
What is the remainder when 13210 is divided by 1444?
214
Calculate the remainder when 2996423 is divided by 145.
143
What is the remainder when 1351633 is divided by 337899?
37
What is the remainder when 481480 is divided by 481455?
25
What is the remainder when 127663 is divided by 8053?
6868
What is the remainder when 6094277 is divided by 1214?
1211
Calculate the remainder when 2638348 is divided by 41.
39
What is the remainder when 949644 is divided by 197?
104
What is the remainder when 37258152 is divided by 387?
114
Calculate the remainder when 182123 is divided by 3543.
1430
What is the remainder when 538832 is divided by 682?
52
What is the remainder when 10583431 is divided by 405?
376
What is the remainder when 11330 is divided by 164?
14
What is the remainder when 161049 is divided by 8475?
24
What is the remainder when 200443 is divided by 100201?
41
What is the remainder when 17138281 is divided by 3383?
3
Calculate the remainder when 1064903 is divided by 459.
23
Calculate the remainder when 353377 is divided by 23485.
1102
What is the remainder when 2624478 is divided by 524860?
178
What is the remainder when 31761028 is divided by 232?
228
What is the remainder when 516990 is divided by 1066?
1046
Calculate the remainder when 3545661 is divided by 1018.
985
What is the remainder when 115711 is divided by 38357?
640
Calculate the remainder when 7108828 is divided by 166.
44
What is the remainder when 1450020 is divided by 4693?
4576
What is the remainder when 4520947 is divided by 50?
47
What is the remainder when 408666 is divided by 524?
470
Calculate the remainder when 30463299 is divided by 1436.
1431
Calculate the remainder when 220000 is divided by 28.
4
What is the remainder when 11139705 is divided by 174?
51
Calculate the remainder when 54216516 is divided by 2852.
2848
What is the remainder when 4014135 is divided by 2007049?
37
Calculate the remainder when 44460 is divided by 22014.
432
Calculate the remainder when 596789 is divided by 245.
214
Calculate the remainder when 283142 is divided by 94306.
224
Calculate the remainder when 23542816 is divided by 39.
37
Calculate the remainder when 9421564 is divided by 6701.
6659
Calculate the remainder when 247111 is divided by 12976.
567
What is the remainder when 996852 is divided by 199370?
2
What is the remainder when 625932 is divided by 131?
14
Calculate the remainder when 203491 is divided by 28944.
883
What is the remainder when 7379597 is divided by 922449?
5
Calculate the remainder when 152286 is divided by 723.
456
What is the remainder when 7194323 is divided by 4755?
8
Calculate the remainder when 67621 is divided by 904.
725
Calculate the remainder when 4500405 is divided by 66.
63
Calculate the remainder when 2959 is divided by 400.
159
What is the remainder when 5921771 is divided by 22014?
5
Calculate the remainder when 21763 is divided by 1594.
1041
What is the remainder when 3385014 is divided by 1466?
20
What is the remainder when 9257652 is divided by 17?
13
Calculate the remainder when 1042580 is divided by 69504.
20
Calculate the remainder when 252590 is divided by 40.
30
Calculate the remainder when 177115 is divided by 4433.
4228
Calculate the remainder when 126226 is divided by 63111.
4
Calculate the remainder when 821038 is divided by 26483.
65
Calculate the remainder w